{"id":42,"date":"2013-11-05T14:11:46","date_gmt":"2013-11-05T14:11:46","guid":{"rendered":"http:\/\/float-flying-club.brisksites.com\/?page_id=42"},"modified":"2022-02-07T18:24:44","modified_gmt":"2022-02-07T18:24:44","slug":"standort","status":"publish","type":"page","link":"https:\/\/float-flying-club.com\/?page_id=42","title":{"rendered":"Standort"},"content":{"rendered":"<table border=\"0\" width=\"100%\" cellspacing=\"0\" cellpadding=\"0\">\n<tbody>\n<tr valign=\"top\">\n<td>Unsere Wasserflugbasis liegt in Port Loring, ca. 350 km n\u00f6rdlich von Toronto. Die Base am Toad-Lake ist von Toronto aus \u00fcber Hwy No. 11 oder 69, und&nbsp;Highway 522 in ca. 3.5 Auto-Std. einfach zu erreichen. Unsere Basis wird von <a href=\"http:\/\/www.tornadosresorts.com\">Tornado&#8217;s Canadian Resorts<\/a> betrieben und verf\u00fcgt \u00fcber Unterkunft und Flugbenzin.&nbsp;<\/p>\n<p>Die Umgebung verf\u00fcgt \u00fcber endlose W\u00e4lder und unz\u00e4hlige Seen, welche mit dem Wasserflugzeug angeflogen werden k\u00f6nnen.<\/p>\n<p><a href=\"\/wp-content\/uploads\/2013\/11\/Lageplan_Float_Flying_Club.pdf\" target=\"_blank\" rel=\"noopener\">Lageplan downloaden (292kb pdf) <\/a><\/td>\n<td width=\"10\">&nbsp;<\/td>\n<\/tr>\n<\/tbody>\n<\/table>\n<p><iframe loading=\"lazy\" src=\"https:\/\/maps.google.ca\/maps?f=d&amp;source=s_d&amp;saddr=Toronto+Pearson+Airport&amp;daddr=Tornado's+Rd,+Port+Loring,+ON,+Canada&amp;hl=de&amp;geocode=FRZ4mgIdjAVB-yHFDgPE6V0dtCmR1C3ASjkriDHFDgPE6V0dtA%3BFQBDvAIdU7Q5-yH5xG5WirVT5Sk_3-QNf1wpTTH5xG5WirVT5Q&amp;aq=&amp;sll=38.886542,-96.119339&amp;sspn=36.748262,86.572266&amp;t=h&amp;mra=ls&amp;ie=UTF8&amp;ll=44.801327,-80.057373&amp;spn=2.728386,4.669189&amp;z=7&amp;output=embed\" width=\"425\" height=\"350\" frameborder=\"0\" marginwidth=\"0\" marginheight=\"0\" scrolling=\"no\"><\/iframe><br \/>\n<small><a class=\"textlink\" style=\"color: #0000ff; text-align: left;\" href=\"https:\/\/maps.google.ca\/maps?f=d&amp;source=embed&amp;saddr=Toronto+Pearson+Airport&amp;daddr=Tornado's+Rd,+Port+Loring,+ON,+Canada&amp;hl=de&amp;geocode=FRZ4mgIdjAVB-yHFDgPE6V0dtCmR1C3ASjkriDHFDgPE6V0dtA%3BFQBDvAIdU7Q5-yH5xG5WirVT5Sk_3-QNf1wpTTH5xG5WirVT5Q&amp;aq=&amp;sll=38.886542,-96.119339&amp;sspn=36.748262,86.572266&amp;t=h&amp;mra=ls&amp;ie=UTF8&amp;ll=44.801327,-80.057373&amp;spn=2.728386,4.669189&amp;z=7\">Gr\u00f6\u00dfere Kartenansicht<\/a><\/small><\/p>\n","protected":false},"excerpt":{"rendered":"<p>Unsere Wasserflugbasis liegt in Port Loring, ca. 350 km n\u00f6rdlich von Toronto. Die Base am Toad-Lake ist von Toronto aus \u00fcber Hwy No. 11 oder 69, und&nbsp;Highway 522 in ca. 3.5 Auto-Std. einfach zu erreichen. Unsere Basis wird von Tornado&#8217;s Canadian Resorts betrieben und verf\u00fcgt \u00fcber Unterkunft und Flugbenzin.&nbsp; Die Umgebung verf\u00fcgt \u00fcber endlose W\u00e4lder [&hellip;]<\/p>\n","protected":false},"author":3,"featured_media":0,"parent":0,"menu_order":0,"comment_status":"open","ping_status":"closed","template":"","meta":{"ngg_post_thumbnail":0,"footnotes":""},"class_list":["post-42","page","type-page","status-publish","hentry"],"_links":{"self":[{"href":"https:\/\/float-flying-club.com\/index.php?rest_route=\/wp\/v2\/pages\/42","targetHints":{"allow":["GET"]}}],"collection":[{"href":"https:\/\/float-flying-club.com\/index.php?rest_route=\/wp\/v2\/pages"}],"about":[{"href":"https:\/\/float-flying-club.com\/index.php?rest_route=\/wp\/v2\/types\/page"}],"author":[{"embeddable":true,"href":"https:\/\/float-flying-club.com\/index.php?rest_route=\/wp\/v2\/users\/3"}],"replies":[{"embeddable":true,"href":"https:\/\/float-flying-club.com\/index.php?rest_route=%2Fwp%2Fv2%2Fcomments&post=42"}],"version-history":[{"count":9,"href":"https:\/\/float-flying-club.com\/index.php?rest_route=\/wp\/v2\/pages\/42\/revisions"}],"predecessor-version":[{"id":183,"href":"https:\/\/float-flying-club.com\/index.php?rest_route=\/wp\/v2\/pages\/42\/revisions\/183"}],"wp:attachment":[{"href":"https:\/\/float-flying-club.com\/index.php?rest_route=%2Fwp%2Fv2%2Fmedia&parent=42"}],"curies":[{"name":"wp","href":"https:\/\/api.w.org\/{rel}","templated":true}]}}